 = 11*w**2 - 61*w - 30. Let q(n) = 2*f(n) + 7*y(n). Let i be q(l). Let r(c) = c + 2. What is r(i)?
-5
Let v(w) = -455*w + 3181. Let u be v(7). Let d(k) = 15*k + 50. What is d(u)?
-10
Suppose 66 + 6 = -18*d. Let u(i) = -10*i + 3. What is u(d)?
43
Let j = 203 - 201. Let a = 10 - 8. Let w(c) = 10*c**2 + 9*c**j + 18*c**a - 3 - 38*c**2 + c. What is w(3)?
-9
Let z(m) = m**3 - 20*m**2 + 22*m + 10. Let t(a) = 27*a - 1304. Let l be t(49). What is z(l)?
67
Let o(d) = 11*d**2 + 2*d - 3. Let m(w) = -5*w**2 - 32*w - 9. Let k be m(-6). Determine o(k).
102
Let p(h) be the third derivative of h**9/30240 + h**8/5040 + h**7/1260 + h**6/360 + 23*h**5/12 + 81*h**2. Let z(b) be the third derivative of p(b). Give z(-3).
-28
Let a(p) be the second derivative of -p**5/20 + p**3/6 - 4*p**2 - p. Let v be 6 + -5 + (-18)/(-6). Suppose 3*w = -7*j + 6*j, -v*j = 4*w. What is a(j)?
-8
Let q(v) = v**2 - 6*v - 1. Let s = -207 - -210. Suppose 3*n - 10 = 4*l, 0 = -2*n - s*l + 4*l + 10. Determine q(n).
-1
Suppose -2*n = -4*b + 6, 0 = 5*b - 5*n - 17 - 3. Let a(p) = -27*p**3 + p**2 + 20*p + 3. Let v(r) = -5*r**3 + 5*r + 1. Let g(l) = -a(l) + 4*v(l). Give g(b).
-7
Suppose -24*o + 6 = -66. Let q(n) = -15*n - 23. Let f(a) = 7*a + 10. Let h(m) = o*q(m) + 7*f(m). What is h(-2)?
-7
Let w(n) be the first derivative of n**4/4 - 5*n**3/3 - n + 325. Calculate w(4).
-17
Let r(d) be the third derivative of -d**4/4 + 3*d**3/2 + 31*d**2 - 2*d. Let z(j) = -12*j + 16. Let b(u) = -5*r(u) + 3*z(u). Give b(3).
-15
Let m(n) = n**2 - 7*n + 6. Let l(u) = u**2 - 7*u + 7. Let b(a) = 3*l(a) - 2*m(a). Let h = 170 + -154. Suppose -40 + 136 = h*j. What is b(j)?
3
Let y(x) = -45*x + 39. Let d(v) = 32*v - 26. Let i(p) = -7*d(p) - 5*y(p). Give i(10).
-3
Let w(z) = -8*z + 84. Let g(u) = -u**3 - 13*u**2 - 3*u - 29. Let i be g(-13). Give w(i).
4
Let b(n) = -n**3 + 3*n**2 - 3*n - 1. Let w(i) = -2*i**3 + 6*i**2 - 6*i - 3. Suppose 0*o - 5*p = o - 9, -9 = -o + 3*p. Let v(s) = o*b(s) - 4*w(s). What is v(2)?
1
Suppose 38*p - 2*p + 29*p - 130 = 0. Let z(u) = -u**2 + 27*u - 63. Calculate z(p).
-13
Let y(c) = c**2 + 9*c - 12. Let z be (-2408)/(-40) - 3/15. Let r = z + -58. Let f be 1 - (-3)/(-2)*r - 8. Calculate y(f).
-2
Let j(q) = -q**2 + 17*q - 30. Suppose -744*i + 8 = -743*i - 3*t, -t - 68 = -5*i. Determine j(i).
12
Let t(p) = 0*p**3 - 221*p**2 - p**3 + 209*p**2 + 980 + 14*p + 15*p - 788. What is t(-13)?
-16
Let y(d) = 7 - 8*d - 3 - d**3 - 5*d**2 + 13*d**2. Let t be (3 + 55/(-25))/(24/16980). Let a = -559 + t. Give y(a).
-3
Let s(u) = -3*u**3 - 13*u**2 - 71*u + 5. Let k(o) = -o**3 - 2*o**2 - 15*o - 1. Let i(x) = -4*k(x) + s(x). Give i(6).
-21
Let v(r) = 15*r**3 - r**2 + 1. Let y = -163 + 83. Let w = y - -79. Calculate v(w).
-15
Let g(b) = -b**2 - 17*b - 10. Let f(l) = -l**3 + 23*l + 13. Let y(r) = -2*f(r) - 3*g(r). Determine y(-3).
-38
Suppose 7 = 2*q + u, 5*q - 2*q - 12 = -u. Suppose -1808*z + 1810*z = 6. Let m(r) = z - 5 - 3*r + q*r. Calculate m(4).
6
Let p(n) = 105*n**3 + 35*n**2 + 53*n - 35. Let t(m) = -131*m**3 - 36*m**2 - 52*m + 36. Let y(l) = 5*p(l) + 4*t(l). Calculate y(-29).
-2
Let b = 33 - 30. Suppose -8*u + 85 = -b*u. Let n = 15 - u. Let q(w) = -w**2 - w - 1. Give q(n).
-3
Let h(a) be the third derivative of -a**5/60 + 5*a**4/12 + 61*a**3/6 + 127*a**2 + 5*a. Give h(14).
5
Let p be (-6)/36 + 542/12. Let a(l) = -28 + p - 25 - l. Give a(-6).
-2
Let r(k) = 2*k**2 + 13*k + 8. Let f(h) = 3*h**2 + 17*h + 9. Let p(n) = 3*f(n) - 4*r(n). What is p(3)?
1
Let w(t) = -2*t**2 + 16*t - 1. Suppose 11*q + 9 = 97. Let h be w(q). Let j(x) = -3*x. Let p(g) = -g**2 + g - 1. Let n(k) = h*j(k) + p(k). What is n(3)?
2
Let s(z) = -z**2 - 125*z - 716. Let m be s(-119). Let l(q) = -2*q**2 + 5*q + 2. Calculate l(m).
-16
Let j(z) be the third derivative of 0*z + 70*z**2 + 1/3*z**3 - 1/8*z**4 + 0. Give j(-3).
11
Let y(o) be the third derivative of -o**6/720 + o**4/6 + o**3/6 + 34*o**2. Let m(k) be the second derivative of y(k). Determine m(7).
-7
Let s(f) = f + 2. Let r be -5 + 94/14 + 4/14. Suppose -o - r*p + 89 = 2*o, 4*o - 4*p - 152 = 0. Suppose -103 = 10*z - o. Calculate s(z).
-5
Let x(q) = 71 + 71 + 120 + 73 + 2*q - 346. Suppose 0*w + 12 = 2*w. Determine x(w).
1
Let o(q) = q**2 - 44*q + 286. Let x be o(36). Let c(k) = 1 - 2*k**2 + 2*k + 1 + 0 + k**2. Give c(x).
-6
Let k(a) be the first derivative of a**4/8 - 2*a**3/3 - 17*a**2/2 - a + 11. Let d(o) be the second derivative of k(o). Determine d(6).
14
Let p = 0 - -2. Let y(j) be the third derivative of -j**5/60 - j**4/12 + j**3 - 2*j**2 - 3*j - 357. Calculate y(p).
-2
Let g(x) be the second derivative of 4*x**3/3 + 3*x**2/2 + 46000*x. Let p be (-2)/2*(1 - 0). Calculate g(p).
-5
Let o(y) = -y + 4. Let p(a) = 3. Let s(m) = 2*o(m) - 3*p(m). Let f = -228 + 617. Let h = f + -388. Determine s(h).
-3
Let a(g) = 52*g - 583. Let v(z) = 68*z - 776. Let r(s) = -13*a(s) + 10*v(s). Calculate r(44).
-5
Let d(k) = 2*k**2 + 94*k + 182. Let j be d(-45). Let l(h) be the first derivative of -5*h**j - 13 - 3*h - 1/3*h**3. Determine l(-8).
13
Let y(f) = f. Let p(r) = 2*r - 2. Let x(o) = -p(o) - 4*y(o). Let a(n) = -15*n**3 + 14*n + 13. Let g be a(-1). Let d be 6/g - 108/(-42). Give x(d).
-16
Let m(n) be the first derivative of -n**6/360 - n**5/24 + n**4/3 + 2*n**3/3 - 59*n**2/2 - 90. Let s(c) be the third derivative of m(c). Determine s(-5).
8
Let o(i) = -i**2 - 10*i - 19. Suppose 2*q + s - 131 = q, 5*s + 25 = 0. Let v = 131 - q. Let w be o(v). Let g(l) = l - 9. Determine g(w).
-3
Let h(c) be the first derivative of 0*c - 15 + 15/2*c**2 - 1/3*c**3 - 1/8*c**4. Let n(t) be the second derivative of h(t). What is n(-7)?
19
Let s be (15 - 65)/((-2)/(-2)). Let g = s - -51. Let z be (-46)/(-6) - g/(-3). Let c(j) = j**3 - 9*j**2 + 9*j - 3. Give c(z).
5
Let i(z) = 24122*z**2 + 1 - 48253*z**2 - 4*z**3 - 7*z + 24125*z**2. What is i(-2)?
23
Let y = 45 - 46. Let p be 21/12 - y/4. Let s(i) = p - i - 2 - 4. Determine s(3).
-7
Let m(t) = -t**2 + 10*t + 4. Let o(a) = 21*a + a**2 - 710 + 619 + 0*a**2. Let s be o(-25). Give m(s).
13
Let k = -17 - -32. Let x(t) = -6*t - 9 - 10 - 5*t + k + t**2. What is x(11)?
-4
Let i = 643 - 523. Let k(l) = -4 + 4 + i*l - 3 - 118*l. Give k(4).
5
Let r(n) = 10*n**2 + 44 + 25 - 9*n**2 + n - 105. Calculate r(5).
-6
Let r(f) = -f**2 + f - 9. Let u(x) = 15*x - 101. Let c be u(6). Let a(v) = v + 11. Let l be a(c). What is r(l)?
-9
Let y(q) = -3. Let s(a) = -5. Let n(r) = 2*s(r) - 5*y(r). Let o(m) = -m + 9. Let g(u) = -5*n(u) + 3*o(u). Let f = 283 - 285. Determine g(f).
8
Suppose 2*y = 13 + 15. Let w(c) be the first derivative of c**3/3 - 8*c**2 + 23*c - 732. Calculate w(y).
-5
Let w = -2867 - -2882. Let g(n) = -n**3 + 14*n**2 + 17*n - 4. What is g(w)?
26
Let d(i) = -4*i**3 + 13*i**2 + 17*i - 11. Let l(q) = -9*q**3 + 29*q**2 + 34*q - 20. Let j(n) = -5*d(n) + 2*l(n). What is j(5)?
5
Let p(h) = 7*h**2 - 206*h + 208*h + 6 + 0 + h**3 + 6*h**2 - 2*h**2. What is p(-11)?
-16
Let a(u) be the first derivative of -u**4/4 + 2*u**3 + 5*u**2/2 + 7*u + 110. Suppose 0 = -5*i + 3*t - 32, -2*i - 4 = i + 2*t. Let m = 11 + i. Determine a(m).
-7
Let f(c) = 6*c**2 - 21*c + 51. Let b(i) = 59*i**2 - 211*i + 507. Let m(g) = -4*b(g) + 39*f(g). What is m(10)?
11
Suppose 0*c - 13*c - 26 = 0. Let x(k) = k**3 + 15*k**2 - 13*k - 9. Let o(y) = -y**3 - 14*y**2 + 13*y + 8. Let u(s) = c*x(s) - 3*o(s). What is u(-13)?
-6
Let z(h) = 41*h - 29. Let w(n) = -n**2 - 3*n + 5. Let b(p) = -3*w(p) - z(p). Determine b(10).
-6
Suppose -x + 15 = 2*k, -2*x - 5*k = -7*x. Let w(l) = -245*l**3 + 5 + 4*l**2 + 4*l + 77*l**3 + 83*l**3 + 84*l**3. Determine w(x).
0
Let c(h) be the first derivative of h**3/3 + 4*h**2 - 81*h + 6. Let r be c(-14). Let l(j) = j**2 - 3. What is l(r)?
6
Let h(s) be the first derivative of -s**3 - 39*s**2/2 - 12*s - 9644. What is h(-13)?
-12
Let l(i) = -i**3 - 5*i**2 + 3*i + 3. Let a(f) = 430*f - 57 - 417*f - 1. Let n be a(4). Calculate l(n).
21
Suppose 0 = -5*a - 5*v + v + 10, 2*v = 0. Let m be (5 - 1)/a*-1. Let s(r) = -2*r - 5738*r**2 - 1 + 11468*r**2 - 5731*r**2 + r. Determine s(m).
-3
Let d = 1 - -1. Let j be (-125)/(-2 + -3) - (-6)/2. Let o(g) = -19 + j - 12 + 9*g. Calculate o(d).
15
Suppose -2*d + 82 = -2*k, 3*k = -5*d + 85 + 128. Suppose -3*z = -0*z + 3*y - d, 0 = 2*z - 5*y + 7. Let n(q) = 5*q - 13. Determine n(z).
3